Suppose -2*t = 3*o - 102, 5*o = 2*t - 116 - 18. Let k be -1*20*(-3 - 1). Let w = k - t. What is the greatest common factor of w and 207?
23
Let y be (-7 + 6 - 4*1)*-1. Suppose d = -0*d - 2*x + 16, -y*d + 91 = -x. Let v = -26 - -44. What is the highest common factor of d and v?
18
Let g be (-460)/2*(1 + -3)/(-98 - -102). Calculate the highest common factor of 230 and g.
115
Let s(a) = -a**3 - 6*a**2 - a + 14. Let k be s(-5). Let t be 2295/99 + -3 + k/33. What is the highest common factor of t and 20?
20
Suppose 2*u - 3*t = 666, -5*u + 6*t + 1656 = 3*t. Let p(h) = -39*h - 47*h - 30 + 93*h. Let r be p(9). What is the highest common divisor of r and u?
33
Let n = 128 - 302. Let v = -146 - n. Calculate the highest common factor of v and 28.
28
Suppose 40*i - 23099 - 31174 = 294127. What is the highest common factor of i and 134?
134
Suppose d - 120 = -5*v, 5*v + 5*d = v + 96. Let c = v - 11. Let n = -133 + 237. What is the greatest common divisor of c and n?
13
Let j = 5327 + -5318. Calculate the highest common divisor of 117 and j.
9
Suppose 4*j - 283 = 65. Let p = -271 - -648. What is the highest common divisor of p and j?
29
Let l be 18/15*(-10 + 100). What is the greatest common factor of l and 2628?
36
Let y be 2/8 - 5/(60/147). Let h = y + 9. Let s = 22 - h. Calculate the highest common divisor of s and 5.
5
Let k be (51 + 3)*((-255)/425)/((-2)/5). What is the greatest common divisor of k and 60183?
81
Suppose 0 = -p - 11 + 16. Suppose 2*x - p*x = -561. What is the greatest common factor of 17 and x?
17
Let g be (-1116)/620 - (2 - (-454)/(-5)). Let y be (-130)/(-4)*-1*2. Let q = y + g. Calculate the highest common divisor of q and 44.
22
Let n(y) = 6*y**3 + 56*y**2 + 10*y - 26. Let l be n(-9). What is the highest common factor of l and 4232?
46
Let x be 139 + 1822 + -4 + 1. What is the highest common factor of x and 66?
22
Let s be (-10 - -9)/((-1)/255). Let x = s + -245. Calculate the greatest common factor of 490 and x.
10
Let u(m) = m**2 - 7*m + 34. Let k be u(11). Let q = -33 + k. What is the greatest common factor of 36 and q?
9
Let o be (-60)/90*(0 + -6). Let a be (-6)/o*(-3 - (-145)/(-15)). Suppose 0 = v - 10 - 9. Calculate the highest common factor of a and v.
19
Let a = 18731 - 18704. What is the highest common factor of 765 and a?
9
Let c(l) = -l**2 - 7*l + 13. Let q = 79 + -85. Let t be c(q). Calculate the greatest common divisor of t and 247.
19
Suppose 8*i - 18 = 22. Suppose -j - i*j = -60. Let s(c) = -c + 23. Let o be s(j). What is the highest common factor of 130 and o?
13
Suppose 12*d - 36*d + 32193 = -15*d. What is the highest common factor of d and 73?
73
Let w(u) = -4*u**3 - 39*u**2 - 13*u - 97. Let a be w(-10). What is the highest common divisor of 1406 and a?
19
Let c(q) = -51*q - 2. Let t be c(-2). Let x be (14 - 5)/((-132)/(-1100)). What is the highest common divisor of t and x?
25
Suppose -c - 5*g = -382, 807 - 68 = 2*c + 5*g. Calculate the greatest common divisor of c and 2737.
119
Let g be ((-74)/(-4))/((-2)/(-4)). Let u(w) = 313 + 60*w + 299 - 653. Let n be u(5). What is the highest common divisor of n and g?
37
Let n = -82 + 29. Suppose 6*b = b + 3*w - 384, 3*w - 84 = b. Let t = n - b. What is the highest common divisor of t and 55?
11
Let x = 3344 - 3342. Calculate the greatest common divisor of 125 and x.
1
Let y = 118 + -111. Let u(o) = 2*o - 15*o**2 - y + 14*o**2 + 1 + 23*o. Let b be u(10). What is the highest common factor of b and 9?
9
Let l be (-12)/(-180)*-5*-12. Suppose 12 = 4*k - 0*k - 4*h, -3*h = 4*k - 5. Suppose -k*f + 4 = -0*f. Calculate the highest common divisor of f and l.
2
Let r = 188 + 87. Suppose 4*y = -3*y - 161. Let t = y - -48. What is the highest common divisor of t and r?
25
Let u be 72/(-48) + (189/(-2))/(-3). Let p = 55 - u. Suppose 0*b = -b + 50. What is the greatest common divisor of b and p?
25
Let x be ((-38)/4 - -11)*(129 + -3). Let c be (3 + -2 - 4) + 255. What is the highest common divisor of x and c?
63
Let v = 379 + 1649. Suppose 7*z = -362 + v. What is the highest common divisor of z and 34?
34
Let h = 20 - 10. Suppose 3*v - 695 = -17*x + 1248, -2*x + 234 = -v. What is the greatest common divisor of x and h?
5
Let p = 6952 + 229. Calculate the highest common divisor of p and 167.
167
Suppose 4*r - r - 987 = 5*g, -995 = 5*g + 5*r. Let x = g + 201. Calculate the highest common factor of 81 and x.
3
Let g be -14*(-31)/6 + 13/(-39). What is the greatest common divisor of 108 and g?
36
Let c = 13793 + -11960. Calculate the greatest common factor of 819 and c.
39
Let x(w) = 509*w - 991. Let p be x(2). Calculate the greatest common factor of p and 2241.
27
Suppose 0 = 29*t - 27*t - 8. Suppose -s + 3*s - 60 = 0. Suppose -x + 4*x - s = 0. Calculate the highest common factor of t and x.
2
Suppose 9*p = 157735 - 143560. Calculate the highest common divisor of 100 and p.
25
Suppose -p + 37 + 9 - 16 = 0. What is the greatest common factor of p and 7695?
15
Suppose 173*k = 164*k - 3348. Let f = k - -420. What is the highest common factor of f and 384?
48
Let d(r) = -r**3 + 23*r**2 + 2*r + 24. Let t be d(23). Suppose 0 = 2*y + 2*y + 52. Let a = y - -23. Calculate the highest common divisor of t and a.
10
Suppose 0 = 4*x - 20*x + 5*x + 6864. What is the highest common factor of 23400 and x?
312
Suppose 0 = h - 3*c + 37 - 421, -1496 = -4*h + 2*c. Calculate the greatest common divisor of h and 96.
12
Suppose -2*k = 436 + 348. Let x = 744 + k. Suppose -4*h - 220 = -9*h. Calculate the greatest common factor of h and x.
44
Suppose -i - 6 = -3*s, -1 - 11 = -2*i - 2*s. Suppose 2*p - 1702 = i*q, -3*q + 5*q - 844 = -p. What is the highest common factor of p and 53?
53
Suppose 5*l = -5*a + 15, l = 2*a - 3 - 3. Let h(d) = 318*d - 3*d**2 - 312*d - d**2 + d**3. Let y be h(a). What is the greatest common factor of 216 and y?
9
Let g be (-41)/(3 + -5 + 1). Let q be 277 - ((1 - 9) + 4). Let u = q - g. Calculate the greatest common divisor of u and 30.
30
Let o(v) = 4*v**3 - 2*v**2 + 3*v + 3. Let s be o(2). Let t = -918 + 1413. What is the highest common divisor of s and t?
33
Suppose -104*j = -10695 - 32465. Calculate the greatest common factor of j and 83.
83
Let d be -3 - (-13)/(65/(-510)). Let g = d - -56. Let c = -48 - g. What is the greatest common divisor of 1 and c?
1
Let b(p) be the first derivative of 4*p**3 + p**2 + 2*p - 3. Let i be b(-2). Let l = 76 - i. What is the greatest common divisor of l and 12?
6
Suppose 646 = 38*u + 228. Suppose 682 + 506 = u*j. What is the greatest common factor of j and 81?
27
Suppose -41*v + 36408 = 6*v - 10*v. Calculate the greatest common factor of v and 861.
123
Suppose -899*x + 39780 = 907*x - 1794*x. Calculate the highest common divisor of 156 and x.
39
Let r be -31 + 35 + (171 - -5). What is the highest common factor of 1020 and r?
60
Suppose q + 195*f - 1887 = 193*f, -4*q + 2*f = -7518. What is the highest common factor of 11 and q?
11
Let y(u) = -7*u + 1. Let a be y(-3). Let f be 2/(-15) - (-102973)/1335. What is the highest common factor of f and a?
11
Let v = -1287 - -1308. Calculate the highest common factor of v and 413.
7
Suppose 4*a + 5*p - 73 = 0, -8*a + 9*a = 2*p + 2. Suppose a*q + 3*f + 9 = 14*q, -4 = -2*q - 2*f. Calculate the greatest common factor of 9 and q.
3
Suppose -5*b + 14*b = 2252 + 2392. Calculate the greatest common factor of b and 4257.
129
Suppose 0 = -4*d - 2*r + 192, 0 = 4*d - 5*r - 82 - 96. Suppose 2*s - d = -3*w, 2*w - 79 = -3*w - 4*s. What is the highest common factor of w and 12?
3
Let b be (2/(-12)*3)/(4/(-24)). Let o(s) = 28*s + 6. Let v be o(b). What is the highest common factor of v and 72?
18
Let l(i) = 5*i**2 - 3*i + 1. Let r = 114 + -113. Let m be l(r). Suppose -17*g = -18*g + m. Calculate the highest common divisor of 24 and g.
3
Let k be (14/(-10))/(2*(-4)/40). Let a be k/(-49) - 62/7. Let l(u) = -u**3 - 9*u**2 - 2*u - 2. Let r be l(a). What is the highest common divisor of r and 208?
16
Let b be (-12 + 15)/(9/12). Let j be 12/b*((-12)/3 + 12). Calculate the greatest common divisor of 600 and j.
24
Let x(j) = -2*j**3 - j**2 - 31*j - 120. Let o be x(-4). What is the highest common divisor of o and 64?
4
Let l = -18356 - -18364. What is the greatest common divisor of 10624 and l?
8
Suppose -11*c - 139 + 8323 = 22*c. Let z 